 y(-7). Let b = 62888 + -62856. Calculate the greatest common divisor of b and q.
4
Let b(q) be the third derivative of q**5/5 - 7*q**4/24 - 3*q**3 + 12*q**2. Let a be b(-2). Calculate the greatest common factor of 22 and a.
22
Let h be 6/4*(0 + 140). Suppose -252 + 8 = -2*n - r, -4*n + 3*r + 528 = 0. Calculate the greatest common divisor of n and h.
42
Suppose k - 16 = 40. Suppose -5*u + 217 = 217. Suppose -3*y + 4*y - 14 = u. Calculate the greatest common factor of k and y.
14
Suppose 6*l + 925 = 3616 + 849. What is the greatest common factor of l and 7198?
118
Let k = -4 - -26. Let n = 1883 - 1863. Let y = k - n. What is the highest common divisor of 14 and y?
2
Let s(z) = z**3 - 16*z**2 - 19*z - 50. Let v be s(18). Let l = -236 + v. Calculate the greatest common factor of 300 and l.
20
Let a = -10627 - -14925. Calculate the highest common divisor of a and 14.
14
Suppose 2414 = -9*r - 8*r. Let j = r - -233. Let w(q) = q**3 + 7*q**2 + 6*q + 2. Let f be w(-4). What is the greatest common factor of f and j?
13
Let g = 4992 - 4988. What is the highest common divisor of 956 and g?
4
Suppose -2*a = 4, -46 = -3*l - l + 3*a. Suppose -4*y + 2*x + 48 = 0, -x + 9 = 5*y - 72. What is the highest common divisor of l and y?
5
Let m = -223 + 359. Let g be (-10)/3*(-72)/10. Calculate the greatest common factor of g and m.
8
Suppose -5*a = -3*d + 42, -5*a = 4*d - 45 - 11. Suppose d*w - 39 = w. Suppose -y + 42 = 12. Calculate the greatest common divisor of y and w.
3
Suppose 326*r - 325*r = -4*m + 12095, -r - 5*m + 12091 = 0. What is the greatest common divisor of r and 33?
33
Suppose -2*a - m + 39 = 0, 2*m = 5*a - 2*m - 78. Suppose -5 = -3*v + 1. What is the highest common factor of v and a?
2
Let k = -99 + 176. Let x = 40 - 82. Let r = x - -53. What is the greatest common divisor of k and r?
11
Let c = 6 - 0. Suppose c*s = 3*s + v + 17, -5*v = -5. Suppose -5*x + 106 = 3*m, 5*m - 26*x = -24*x + 218. Calculate the greatest common factor of s and m.
6
Suppose -24 = b + 2*b. Let s(u) = -4*u - 2. Let j be s(b). Let z = j + -27. What is the highest common factor of z and 51?
3
Suppose -3*b - 5*b = -432. Let v = b - 21. Suppose -i - 4*i + 5*z + 120 = 0, -i - 4*z = -14. Calculate the greatest common divisor of i and v.
11
Let w = -5452 + 5488. Let n = 1 - -3. Calculate the highest common factor of w and n.
4
Suppose 428*u = 424*u - 20. Let i be ((-4)/u)/(210/875)*120. Calculate the greatest common factor of 240 and i.
80
Suppose -7*k = 4*j - 11*k - 1500, 0 = -2*k + 10. Suppose -j = 2*h - 1094. Suppose -71 = 2*x - h. What is the highest common factor of 13 and x?
13
Let s(x) = -x**3 - 26*x**2 + 227*x - 12. Let f be s(-33). Suppose -94 = -v + 4*o, 0 = 5*o - 0 + 5. Calculate the greatest common factor of f and v.
30
Let y(c) = -c**3 - 15*c**2 - c - 15. Let u be y(-15). Suppose 75*i - 71*i - 952 = u. Calculate the highest common divisor of 28 and i.
14
Suppose 0 = -3*b - 522*c + 524*c + 352, -4*b + 481 = -5*c. What is the greatest common factor of b and 247?
19
Let n(a) = -a**2 + 12*a + 13. Let x be n(13). Suppose 7*i - 608 + 48 = x. Suppose -6*k + i = -k. What is the greatest common divisor of k and 80?
16
Suppose -2*u + 605 = -t, -u + 2*t + 186 = -124. Calculate the highest common divisor of u and 3200.
100
Let k = 920 - 796. Suppose -2*b + 13 = 5. What is the highest common divisor of k and b?
4
Let v = 119 + -323. Let u = -64 - v. Suppose 60 = -2*n + 5*n. What is the highest common factor of u and n?
20
Let m(t) = -t - 1. Let l(z) = 20*z + 5. Let h(i) = 2*l(i) + 30*m(i). Let s be h(-5). Let k = 72 + s. What is the greatest common factor of 10 and k?
2
Let u(w) = -1464*w**3 + 8*w**2 + 25*w + 9. Let j be u(-2). What is the highest common divisor of j and 47?
47
Suppose 23*v + 22*v - 890696 = -133841. Calculate the highest common factor of 139 and v.
139
Suppose 0 = -2*r + 265 - 275. Let d be -16*r/40*4. Let q be (-3)/3 + (40 - -1). What is the highest common divisor of q and d?
8
Let i(z) = 7*z**3 - 4*z**2 + 27*z - 42. Let w be i(5). What is the highest common factor of w and 10199?
217
Let y = 440 + -314. Suppose -13*z + y = z. Let n be (432/(-20))/((-9)/30). What is the highest common factor of n and z?
9
Let w be (66/55)/(27/700) - 40/360. What is the highest common factor of 48112 and w?
31
Let c(o) = -2*o**3 + 19*o**2 + 8*o + 25. Let x be c(10). Suppose 0 = -3*u + 3 + 6. Let i be (u - 4)/(-1) - -1. Calculate the highest common factor of i and x.
1
Let f(j) = 1748*j**3 - 29*j**2 + 26*j + 3. Let h be f(1). What is the highest common divisor of h and 152?
76
Let x = 1 + -3. Let m be (0 + 0)/1 - x. Suppose -27*f + 594 = -0*f. What is the greatest common factor of m and f?
2
Let b(j) = -3*j + 1 + 4 - 4*j**3 + 9*j + 5*j**2 + 5*j**3. Let l be b(-3). Suppose 0*a = 2*v - a - 96, -4 = -a. Calculate the highest common factor of l and v.
5
Let k = 37 - 28. Let t(n) = n**2 - 8*n - 5. Let b be t(k). Suppose b*p - 3*p = 11. Calculate the greatest common divisor of 33 and p.
11
Let o(d) = -d**3 - 27*d**2 - 9*d - 165. Let b be o(-27). Calculate the greatest common factor of b and 1131.
39
Let k = -1813 - -1839. What is the greatest common factor of 91 and k?
13
Suppose -t + 983 - 333 = 0. Suppose -4*r + 5*d + t = 0, -4*d + 86 + 747 = 5*r. What is the highest common divisor of r and 33?
33
Let m(a) = a**2 - 24*a - 2274 + 2295 - 2*a**2. Let n be m(-22). Let w(h) = -2*h - 13. Let u be w(-9). Calculate the highest common factor of n and u.
5
Let l(t) = 13*t - 25. Suppose -39 = -8*n - 5*n. Let u be l(n). What is the highest common divisor of 336 and u?
14
Let k = 4 + 8. Suppose 5*h - 2*g - 39 = 0, 5*g - 2 = -k. Let o be (-2 - (-25)/15) + ((-4816)/24)/(-14). Calculate the greatest common factor of h and o.
7
Suppose 4*s = 3*v + 162 - 3034, 5*v - 4*s - 4784 = 0. Calculate the highest common factor of 4 and v.
4
Let l = -147 + 155. Let x be (l/(-3) - (-4)/6) + 78. What is the highest common divisor of x and 4?
4
Let t(n) = 78*n**2 - 14*n + 1. Let c be t(1). Let h be c*1/(3/6). Calculate the highest common divisor of 26 and h.
26
Suppose a - 19 = -2*f, 976*a = -4*f + 972*a + 48. What is the greatest common divisor of f and 3661?
7
Suppose 0 = 4*m - 2*q, -4*m = -19*q + 14*q + 12. Suppose -300 = -m*h - 5*w - 81, 0 = -h - 3*w + 109. Calculate the highest common factor of h and 64.
16
Suppose 14*c + 1140 = 26*c. Let f(q) = q - 18. Let i be f(23). Calculate the highest common divisor of i and c.
5
Let z = -167 + 311. Let k(u) = 2*u**2 + 31*u - 208. Let s be k(8). Calculate the highest common divisor of s and z.
24
Let i = 255 - 1185. Let a = -474 - i. What is the highest common factor of 8 and a?
8
Let m(k) = 41*k**2 + 4*k + 59. Let s be m(-5). Calculate the highest common factor of s and 608.
152
Let p(k) = k**3 + 9*k**2 + 2*k - 3. Let d be p(3). Let f = d - 6. Calculate the greatest common divisor of 70 and f.
35
Let q(n) = -n**3 + n**2 + 7*n - 2. Let f be q(-3). What is the highest common divisor of f and 2743?
13
Let m(j) = 255*j**2 + j + 1. Let t be m(-1). Suppose 0*n - 2*n + 398 = 4*b, -5*b = -n - 515. What is the greatest common factor of t and b?
51
Suppose 0 = -5*y + r + 598, 3*y + 359*r = 360*r + 356. Calculate the greatest common divisor of y and 869.
11
Let f = 7136 + -6626. What is the greatest common factor of f and 612?
102
Let y be 67/5 - 198/495. What is the highest common divisor of 10192 and y?
13
Let n be (-2 + -1)*192/(-9). Let k be (24/(-32))/((39/(-216))/13). Let f = n - k. Calculate the greatest common divisor of 30 and f.
10
Suppose 2*c - 338 = -4*u, -c - 3*u = -184 + 16. Suppose -8*h + 2*h + 228 = 0. What is the highest common divisor of h and c?
19
Suppose -20 = 120*s - 115*s. Let d be s/(-28)*-2 - 468/(-21). Calculate the greatest common factor of d and 176.
22
Suppose -340 = 44*h - 27*h. Let i(x) = -18*x + 8. Let s be i(h). Suppose -4*z + 204 = 20. What is the highest common factor of z and s?
46
Let x = -3 + 41. Let u be x/((-174)/30 + 6). What is the greatest common factor of 76 and u?
38
Let o(h) = 6*h**2 - 84*h - 36. Let r be (3/2)/((-4)/(-40)). Let g be o(r). Calculate the greatest common factor of 198 and g.
18
Let q = 240 - 93. Suppose -q - 503 = -2*i. What is the highest common factor of 25 and i?
25
Let n(c) = 28*c - 7. Suppose 5*r + 1 = -w + 27, 0 